ed by 6182.
86
Calculate the remainder when 3936 is divided by 1307.
15
Calculate the remainder when 541100 is divided by 760.
740
Calculate the remainder when 135939 is divided by 10.
9
Calculate the remainder when 2523 is divided by 80.
43
Calculate the remainder when 386314 is divided by 756.
754
What is the remainder when 9208 is divided by 255?
28
What is the remainder when 45988 is divided by 65?
33
What is the remainder when 238115 is divided by 67?
64
Calculate the remainder when 302683 is divided by 26.
17
Calculate the remainder when 11940 is divided by 412.
404
What is the remainder when 16777 is divided by 238?
117
Calculate the remainder when 1016874 is divided by 240.
234
Calculate the remainder when 354 is divided by 313.
41
What is the remainder when 1420576 is divided by 486?
484
What is the remainder when 240534 is divided by 59?
50
What is the remainder when 1587870 is divided by 208?
206
Calculate the remainder when 16983 is divided by 15.
3
What is the remainder when 2529 is divided by 819?
72
What is the remainder when 789 is divided by 140?
89
What is the remainder when 1186391 is divided by 145?
1
Calculate the remainder when 1359 is divided by 694.
665
What is the remainder when 3645 is divided by 212?
41
What is the remainder when 2749 is divided by 138?
127
What is the remainder when 1441 is divided by 84?
13
Calculate the remainder when 6055933 is divided by 256.
253
What is the remainder when 153491 is divided by 58?
23
Calculate the remainder when 51475 is divided by 34.
33
Calculate the remainder when 57664 is divided by 124.
4
Calculate the remainder when 41861 is divided by 15.
11
Calculate the remainder when 401501 is divided by 80298.
11
What is the remainder when 10836 is divided by 3?
0
What is the remainder when 68329 is divided by 590?
479
What is the remainder when 7485 is divided by 87?
3
Calculate the remainder when 1993 is divided by 602.
187
Calculate the remainder when 309785 is divided by 103261.
2
What is the remainder when 371 is divided by 60?
11
Calculate the remainder when 1265 is divided by 506.
253
Calculate the remainder when 23134 is divided by 1347.
235
What is the remainder when 67260 is divided by 79?
31
Calculate the remainder when 123471 is divided by 7716.
15
Calculate the remainder when 4940 is divided by 581.
292
What is the remainder when 38646 is divided by 4293?
9
What is the remainder when 640 is divided by 77?
24
What is the remainder when 2732 is divided by 144?
140
Calculate the remainder when 195905 is divided by 268.
265
Calculate the remainder when 180 is divided by 108.
72
What is the remainder when 104290 is divided by 104289?
1
Calculate the remainder when 8910 is divided by 187.
121
Calculate the remainder when 620 is divided by 304.
12
Calculate the remainder when 1121 is divided by 718.
403
What is the remainder when 31882 is divided by 78?
58
Calculate the remainder when 540211 is divided by 3274.
1
Calculate the remainder when 514287 is divided by 13.
7
Calculate the remainder when 11703 is divided by 451.
428
What is the remainder when 8029 is divided by 98?
91
What is the remainder when 1555 is divided by 557?
441
Calculate the remainder when 586135 is divided by 173.
11
Calculate the remainder when 12049 is divided by 574.
569
What is the remainder when 13644 is divided by 91?
85
What is the remainder when 46241 is divided by 291?
263
What is the remainder when 6674 is divided by 24?
2
What is the remainder when 1122 is divided by 896?
226
Calculate the remainder when 1054 is divided by 468.
118
What is the remainder when 43253 is divided by 601?
582
What is the remainder when 593 is divided by 119?
117
Calculate the remainder when 200223 is divided by 232.
7
Calculate the remainder when 9767 is divided by 18.
11
Calculate the remainder when 585345 is divided by 64.
1
Calculate the remainder when 23903 is divided by 15.
8
Calculate the remainder when 20940 is divided by 1499.
1453
Calculate the remainder when 8637 is divided by 24.
21
Calculate the remainder when 63102 is divided by 85.
32
Calculate the remainder when 235834 is divided by 704.
698
What is the remainder when 1858197 is divided by 20?
17
Calculate the remainder when 5224 is divided by 25.
24
Calculate the remainder when 14744 is divided by 58.
12
What is the remainder when 188112 is divided by 25?
12
Calculate the remainder when 27588 is divided by 13779.
30
Calculate the remainder when 93026 is divided by 11.
10
Calculate the remainder when 28211 is divided by 9365.
116
What is the remainder when 357 is divided by 66?
27
Calculate the remainder when 2897 is divided by 78.
11
Calculate the remainder when 10922 is divided by 779.
16
Calculate the remainder when 54338 is divided by 4528.
2
What is the remainder when 73035 is divided by 913?
908
Calculate the remainder when 3286 is divided by 737.
338
What is the remainder when 532097 is divided by 88681?
11
What is the remainder when 21854 is divided by 1093?
1087
Calculate the remainder when 97161 is divided by 135.
96
What is the remainder when 223009 is divided by 29?
28
Calculate the remainder when 1100 is divided by 103.
70
Calculate the remainder when 7066 is divided by 99.
37
Calculate the remainder when 977 is divided by 97.
7
Calculate the remainder when 432 is divided by 85.
7
Calculate the remainder when 1204181 is divided by 57.
56
Calculate the remainder when 323322 is divided by 17962.
6
What is the remainder when 41406 is divided by 59?
47
Calculate the remainder when 34686 is divided by 64.
62
What is the remainder when 40759 is divided by 20?
19
Calculate the remainder when 6487 is divided by 1489.
531
What is the remainder when 22181 is divided by 647?
183
What is the remainder when 3414 is divided by 402?
198
What is the remainder when 8516 is divided by 12?
8
What is the remainder when 22254 is divided by 371?
365
Calculate the remainder when 35029 is divided by 898.
7
Calculate the remainder when 34108 is divided by 621.
574
Calculate the remainder when 3643 is divided by 595.
73
What is the remainder when 28275 is divided by 148?
7
What is the remainder when 39437 is divided by 40?
37
What is the remainder when 733 is divided by 364?
5
What is the remainder when 53456 is divided by 33?
29
What is the remainder when 24856 is divided by 37?
29
What is the remainder when 2379 is divided by 7?
6
Calculate the remainder when 4315 is divided by 223.
78
Calculate the remainder when 88 is divided by 21.
4
Calculate the remainder when 2573 is divided by 616.
109
Calculate the remainder when 16277 is divided by 33.
8
Calculate the remainder when 433563 is divided by 797.
792
What is the remainder when 2596 is divided by 153?
148
Calculate the remainder when 529597 is divided by 16.
13
Calculate the remainder when 7519 is divided by 27.
13
Calculate the remainder when 3645224 is divided by 247.
245
What is the remainder when 42715 is divided by 80?
75
What is the remainder when 356374 is divided by 201?
1
What is the remainder when 13236 is divided by 443?
389
What is the remainder when 46711 is divided by 341?
335
What is the remainder when 1241 is divided by 1238?
3
Calculate the remainder when 1489 is divided by 370.
9
What is the remainder when 9241 is divided by 134?
129
What is the remainder when 66856 is divided by 260?
36
Calculate the remainder when 119298 is divided by 161.
158
Calculate the remainder when 343240 is divided by 27.
16
What is the remainder when 71609 is divided by 47?
28
What is the remainder when 248821 is divided by 38?
35
Calculate the remainder when 981107 is divided by 241.
237
Calculate the remainder when 14186 is divided by 27.
11
What is the remainder when 2735 is divided by 16?
15
Calculate the remainder when 1134 is divided by 533.
68
Calculate the remainder when 83057 is divided by 10.
7
What is the remainder when 11515 is divided by 256?
251
Calculate the remainder when 67903 is divided by 135.
133
Calculate the remainder when 3505 is divided by 69.
55
Calculate the remainder when 18757 is divided by 6237.
46
What is the remainder when 2240 is divided by 730?
50
What is the remainder when 281357 is divided by 13?
11
Calculate the remainder when 332507 is divided by 55416.
11
Calculate the remain